greatest common divisor of 380 and 1045.
95
What is the greatest common factor of 19 and 19361?
19
Calculate the highest common divisor of 93 and 5673.
93
What is the greatest common factor of 282 and 6?
6
What is the greatest common divisor of 2303 and 98?
49
What is the greatest common factor of 27 and 1971?
27
Calculate the highest common divisor of 26730 and 220.
110
What is the greatest common factor of 17 and 935?
17
Calculate the highest common factor of 74 and 222.
74
What is the greatest common factor of 5428 and 3068?
236
Calculate the greatest common divisor of 54 and 12.
6
Calculate the greatest common divisor of 11774 and 56.
14
What is the highest common divisor of 297 and 1728?
27
Calculate the highest common factor of 1017 and 9.
9
What is the highest common divisor of 16625 and 38?
19
What is the greatest common factor of 21 and 483?
21
What is the highest common factor of 3 and 353?
1
Calculate the greatest common factor of 65 and 950.
5
Calculate the greatest common divisor of 518 and 28.
14
Calculate the highest common factor of 20 and 108.
4
Calculate the greatest common factor of 56 and 7.
7
What is the highest common factor of 220 and 480?
20
What is the highest common factor of 392 and 532?
28
Calculate the greatest common divisor of 623 and 7.
7
Calculate the greatest common divisor of 57 and 27.
3
What is the greatest common divisor of 1034 and 44?
22
Calculate the highest common divisor of 45 and 4005.
45
What is the greatest common factor of 35 and 28?
7
Calculate the greatest common factor of 10 and 320.
10
What is the greatest common factor of 540 and 36?
36
What is the greatest common divisor of 671 and 22?
11
What is the greatest common divisor of 26 and 338?
26
Calculate the greatest common factor of 17 and 151.
1
Calculate the highest common factor of 446 and 40363.
223
Calculate the greatest common divisor of 925 and 1221.
37
What is the greatest common factor of 88 and 8?
8
Calculate the highest common factor of 8 and 3688.
8
Calculate the highest common factor of 720 and 32.
16
What is the greatest common divisor of 6700 and 50?
50
Calculate the highest common factor of 396 and 209.
11
What is the greatest common factor of 270 and 60?
30
Calculate the highest common factor of 330 and 14410.
110
Calculate the greatest common divisor of 24 and 18.
6
What is the highest common divisor of 49 and 483?
7
What is the greatest common factor of 104 and 56?
8
What is the highest common divisor of 11 and 3091?
11
What is the greatest common divisor of 112 and 1169?
7
Calculate the highest common factor of 7 and 64.
1
Calculate the greatest common divisor of 54 and 576.
18
Calculate the greatest common divisor of 8652 and 84.
84
Calculate the highest common divisor of 100 and 40.
20
Calculate the highest common factor of 80 and 100.
20
Calculate the highest common factor of 135 and 99.
9
Calculate the greatest common factor of 935 and 595.
85
What is the highest common divisor of 2869 and 266?
19
What is the highest common factor of 3664 and 8?
8
Calculate the greatest common divisor of 40 and 56.
8
Calculate the greatest common divisor of 485 and 194.
97
What is the highest common factor of 12 and 2298?
6
What is the greatest common divisor of 62 and 899?
31
What is the highest common factor of 33 and 75?
3
What is the highest common factor of 3363 and 114?
57
Calculate the highest common factor of 12133 and 11.
11
Calculate the greatest common factor of 510 and 130.
10
What is the greatest common divisor of 28 and 63?
7
Calculate the highest common divisor of 18 and 126.
18
Calculate the highest common divisor of 85 and 935.
85
Calculate the greatest common divisor of 927 and 153.
9
What is the highest common divisor of 1449 and 1701?
63
What is the highest common factor of 129 and 129?
129
What is the greatest common factor of 1668 and 12?
12
What is the greatest common factor of 2465 and 1360?
85
Calculate the highest common factor of 76 and 14668.
76
What is the highest common factor of 2691 and 1035?
207
What is the highest common factor of 594 and 243?
27
Calculate the highest common divisor of 170 and 37655.
85
Calculate the greatest common divisor of 188 and 1880.
188
What is the greatest common divisor of 17 and 8279?
17
Calculate the greatest common factor of 13 and 7813.
13
Calculate the highest common factor of 17 and 70.
1
What is the highest common divisor of 1218 and 261?
87
What is the greatest common factor of 18 and 7038?
18
Calculate the highest common divisor of 1912 and 56.
8
Calculate the highest common divisor of 3915 and 290.
145
Calculate the greatest common divisor of 100 and 900.
100
What is the greatest common divisor of 272 and 119?
17
Calculate the greatest common divisor of 10115 and 170.
85
What is the greatest common factor of 470 and 20?
10
What is the greatest common divisor of 196 and 17836?
196
What is the greatest common factor of 290 and 1073?
29
What is the greatest common factor of 315 and 1701?
63
What is the greatest common divisor of 63 and 117?
9
What is the highest common divisor of 741 and 114?
57
What is the highest common factor of 66 and 5709?
33
Calculate the highest common divisor of 15 and 1695.
15
Calculate the greatest common factor of 352 and 11.
11
Calculate the greatest common factor of 664 and 4.
4
Calculate the highest common divisor of 5712 and 51.
51
Calculate the highest common factor of 3157 and 77.
77
What is the greatest common factor of 8449 and 7?
7
What is the greatest common divisor of 140 and 1435?
35
What is the highest common divisor of 78 and 108?
6
Calculate the greatest common factor of 64 and 112.
16
What is the greatest common divisor of 123 and 45510?
123
What is the greatest common factor of 6792 and 24?
24
What is the greatest common divisor of 4653 and 36?
9
Calculate the highest common factor of 12 and 444.
12
What is the greatest common divisor of 56 and 308?
28
What is the greatest common divisor of 18 and 25584?
6
Calculate the highest common factor of 24678 and 108.
54
What is the greatest common divisor of 2436 and 36?
12
Calculate the highest common divisor of 210 and 1995.
105
What is the highest common divisor of 2664 and 72?
72
What is the highest common factor of 3 and 23?
1
Calculate the highest common divisor of 70 and 7735.
35
Calculate the greatest common divisor of 4202 and 110.
22
Calculate the greatest common divisor of 70011 and 27.
27
Calculate the greatest common divisor of 9106 and 58.
58
What is the highest common factor of 209 and 57?
19
What is the greatest common factor of 13 and 10517?
13
What is the greatest common divisor of 31 and 496?
31
What is the highest common factor of 686 and 266?
14
What is the highest common divisor of 570 and 135?
15
Calculate the greatest common factor of 2226 and 106.
106
Calculate the highest common divisor of 19 and 1995.
19
Calculate the greatest common factor of 155 and 3.
1
Calculate the greatest common divisor of 6 and 480.
6
Calculate the greatest common divisor of 150 and 120.
30
What is the highest common divisor of 138 and 1334?
46
Calculate the highest common divisor of 3009 and 221.
17
What is the highest common divisor of 270 and 756?
54
Calculate the greatest common factor of 19 and 1748.
19
Calculate the highest common divisor of 2375 and 703.
19
Calculate the greatest common factor of 308 and 110.
22
What is the highest common divisor of 44 and 55?
11
What is the greatest common divisor of 150 and 525?
75
Calculate the highest common divisor of 62 and 14198.
62
Calculate the greatest common factor of 36 and 6084.
36
What is the greatest common divisor of 741 and 663?
39
What is the greatest common factor of 8174 and 134?
134
What is the greatest common divisor of 770 and 1870?
110
Calculate the greatest common factor of 2330 and 20.
10
Calculate the greatest common factor of 70 and 220.
10
Calculate the greatest common factor of 8 and 376.
8
What is the greatest common divisor of 510 and 374?
34
Calculate the greatest common divisor of 50 and 20.
10
Calculate the highest common divisor of 222 and 1110.
222
Calculate the greatest common divisor of 120 and 36.
12
Calculate the greatest common divisor of 128 and 33472.
64
Calculate the greatest common factor of 